 composite?
False
Is 88762 a prime number?
False
Is 72241 a composite number?
True
Is 1009 composite?
False
Is 25889 a prime number?
True
Is 8213 prime?
False
Is 596333 a prime number?
False
Is 112163 composite?
False
Is 22769 a composite number?
False
Is 69807 prime?
False
Is 128981 composite?
False
Is 18371 a prime number?
True
Is 7941 a prime number?
False
Is 9647 prime?
False
Is 4837 a composite number?
True
Is 262839 a composite number?
True
Is 59 composite?
False
Is 29343 a prime number?
False
Is 5269 a composite number?
True
Is 149749 prime?
True
Is 11153 composite?
True
Is 19913 a prime number?
True
Is 1583227 prime?
False
Is 3279 prime?
False
Is 38383 prime?
False
Is 51031 composite?
False
Is 2715409 prime?
True
Is 8709 composite?
True
Is 419091 composite?
True
Is 69143 prime?
True
Is 4881 prime?
False
Is 106 composite?
True
Is 2939 a prime number?
True
Is 233517 composite?
True
Is 153233 prime?
False
Is 546223 a composite number?
True
Is 5113 a prime number?
True
Is 15179 a composite number?
True
Is 69743 a prime number?
False
Is 1198117 prime?
False
Is 10973 composite?
False
Is 2845 prime?
False
Is 590635 composite?
True
Is 815 prime?
False
Is 379273 composite?
False
Is 137909 a prime number?
True
Is 1338931 composite?
True
Is 150701 a composite number?
True
Is 30547 a composite number?
True
Is 50069 prime?
True
Is 70259 composite?
True
Is 213349 a prime number?
True
Is 466511 a composite number?
True
Is 46135 a composite number?
True
Is 110729 prime?
True
Is 649 a composite number?
True
Is 1893653 a composite number?
True
Is 4481 a prime number?
True
Is 556449 prime?
False
Is 161087 a composite number?
False
Is 3847 composite?
False
Is 81799 a prime number?
True
Is 95963 composite?
True
Is 5603 a composite number?
True
Is 92041 prime?
True
Is 4049 a composite number?
False
Is 9941 a composite number?
False
Is 3163 a composite number?
False
Is 32537 a prime number?
True
Is 2255217 composite?
True
Is 2435 a prime number?
False
Is 116903 a composite number?
False
Is 187123 a prime number?
True
Is 1535699 a prime number?
False
Is 395 a prime number?
False
Is 1719143 composite?
False
Is 294641 a composite number?
False
Is 1961 composite?
True
Is 691 a composite number?
False
Is 227561 prime?
True
Is 570869 a prime number?
False
Is 166289 composite?
False
Is 21281 composite?
True
Is 8563 composite?
False
Is 13751 prime?
True
Is 352813 prime?
True
Is 3134 prime?
False
Is 524831 a composite number?
False
Is 97483 composite?
True
Is 7795 prime?
False
Is 34271 a composite number?
True
Is 18869 composite?
False
Is 4397 composite?
False
Is 5167 a composite number?
False
Is 520103 a prime number?
True
Is 3007 composite?
True
Is 400471 composite?
False
Is 9182 prime?
False
Is 1014439 prime?
False
Is 2921 composite?
True
Is 3647 a composite number?
True
Is 4778 prime?
False
Is 65909 prime?
False
Is 323129 a prime number?
False
Is 384017 a composite number?
False
Is 29717 composite?
False
Is 179207 a composite number?
True
Is 479 a prime number?
True
Is 19394 a prime number?
False
Is 94379 prime?
True
Is 823117 a composite number?
False
Is 6679 a composite number?
False
Is 129169 composite?
False
Is 10831 prime?
True
Is 983 prime?
True
Is 2641565 composite?
True
Is 194309 prime?
True
Is 4003 a composite number?
False
Is 63901 a prime number?
True
Is 203117 a prime number?
True
Is 27427 a prime number?
True
Is 198709 a prime number?
False
Is 19235 a prime number?
False
Is 343997 prime?
True
Is 73407 composite?
True
Is 90371 a composite number?
False
Is 1933247 a composite number?
False
Is 50293 a prime number?
False
Is 264029 a prime number?
True
Is 30959 prime?
False
Is 24329 prime?
True
Is 81083 prime?
True
Is 731821 composite?
False
Is 142927 prime?
False
Is 533 composite?
True
Is 539089 composite?
False
Is 223591 composite?
True
Is 6673 a prime number?
True
Is 66877 composite?
False
Is 24789 composite?
True
Is 158758 prime?
False
Is 896921 composite?
False
Is 10418 prime?
False
Is 138497 prime?
True
Is 116999 a prime number?
False
Is 761537 a prime number?
False
Is 235043 prime?
True
Is 6481 prime?
True
Is 13969 prime?
False
Is 55147 a composite number?
False
Is 121909 a prime number?
True
Is 2190715 prime?
False
Is 4321 a prime number?
False
Is 358817 a composite number?
True
Is 183895 composite?
True
Is 13726 a prime number?
False
Is 15421 a prime number?
False
Is 748253 a prime number?
False
Is 5581 a prime number?
True
Is 95519 composite?
True
Is 5581 prime?
True
Is 26769 prime?
False
Is 2592631 a composite number?
False
Is 395 prime?
False
Is 132541 composite?
False
Is 25735 a prime number?
False
Is 65371 a composite number?
False
Is 293 a composite number?
False
Is 513829 a composite number?
False
Is 191 a composite number?
False
Is 39067 a prime number?
False
Is 9491 a composite number?
False
Is 974549 composite?
True
Is 7073 composite?
True
Is 78367 composite?
False
Is 1987 prime?
True
Is 198109 composite?
False
Is 28759 a composite number?
False
Is 2831 a composite number?
True
Is 78901 composite?
False
Is 6145 a prime number?
False
Is 479801 a composite number?
True
Is 31829 composite?
True
Is 144473 composite?
True
Is 4181 a prime number?
False
Is 7411 a prime number?
True
Is 23327 prime?
True
Is 248749 composite?
False
Is 24991 a composite number?
True
Is 1561883 a prime number?
True
Is 356414 a composite number?
True
Is 121469 a composite number?
False
Is 1362831 prime?
False
Is 889 prime?
False
Is 76654 prime?
False
Is 26519 a composite number?
True
Is 18517 composite?
False
Is 4619 prime?
False
Is 335843 prime?
True
Is 29717 composite?
False
Is 51971 composite?
False
Is 33206 composite?
True
Is 373447 a prime number?
True
Is 12949 a composite number?
True
Is 176017 a composite number?
False
Is 29989 a prime number?
True
Is 40007 prime?
False
Is 120077 composite?
False
Is 3511 composite?
False
Is 43971 prime?
False
Is 329597 prime?
True
Is 121783 prime?
False
Is 8705 prime?
False
Is 363119 composite?
False
Is 7991 a composite number?
True
Is 1909 prime?
False
Is 4663 prime?
True
Is 19847 a prime number?
False
Is 352519 a prime number?
False
Is 457817 prime?
True
Is 42079 a composite number?
True
Is 66127 prime?
False
Is 10483 prime?
False
Is 198461 a prime number?
True
Is 6337 prime?
True
Is 88211 composite?
False
Is 80141 a prime number?
True
Is 6841 a composite number?
False
Is 230497 prime?
False
Is 21883 a prime number?
False
Is 9335 a prime number?
False
Is 1901 prime?
True
Is 4001 prime?
True
Is 13259 composite?
False
Is 791699 prime?
True
Is 25909 a prime number?
False
Is 19373 prime?
True
Is 15053 a prime number?
True
Is 360033 prime?
False
Is 499933 composite?
True
Is 293053 a composite number?
True
Is 1733 prime?
True
Is 3466 a composite number?
True
Is 10301 composite?
False
Is 26561 a composite number?
False
Is 146639 composite?
False
Is 252079 composite?
False
Is 97009 prime?
False
Is 1259 prime?
True
Is 56461 composite?
True
Is 1830109 a prime number?
False
Is 1061015 composite?
True
Is 202369 composite?
True
Is 133241 composite?
False
Is 123545 composite?
True
Is 21031 prime?
True
Is 66301 a composite number?
False
Is 33931 a prime number?
True
Is 378317 prime?
True
Is 841 prime?
False
Is 1477 prime?
False
Is 688777 a composite number?
False
Is 563 a composite number?
False
Is 13523 prime?
True
Is 94193 a prime number?
False
Is 3359 a composite number?
False
Is 36761 a composite number?
False
Is 53591 composite?
False
Is 8501 prime?
True
Is 944857 composite?
False
Is 127859 a composite number?
False
Is 1151 composite?
False
Is 113561 a prime number?
False
Is 6247 a composite number?
False
Is 1166899 a composite number?
True
Is 12813 a prime number?
False
Is 1317403 prime?
False
Is 59 composite?
False
Is 58777 a composite number?
True
Is 81157 a composite number?
False
Is 32537 composite?
False
Is 150061 a prime number?
True
Is 10111795 prime?
False
Is 1151 prime?
True
Is 39019 prime?
True
Is 1117 composite?
False
Is 13093 composite?
False
Is 129263 prime?
True
Is 52999 prime?
True
Is 40091 composite?
True
Is 97133 prime?
False
Is 1255 a prime number?
False
Is 9643 prime?
True
Is 2633 prime?
True
Is 60373 a prime number?
True
Is 6242 a prime number?
False
Is 85846 composite?
True
Is 1194833 a composite number?
T